ue
Is 196093957 a prime number?
False
Is 32959313 composite?
False
Is 1031677 a prime number?
True
Is 187974821 a composite number?
True
Is 210528671 composite?
False
Is 191413 a prime number?
True
Is 199791613 a composite number?
True
Is 154426835 a prime number?
False
Is 50109217 prime?
False
Is 4573505 a composite number?
True
Is 3708977 a composite number?
False
Is 5476529 a composite number?
True
Is 15843197 a prime number?
True
Is 355361 composite?
False
Is 85759831 a prime number?
True
Is 43783667 composite?
False
Is 5635779 a composite number?
True
Is 6706642 prime?
False
Is 335765 a prime number?
False
Is 212499433 prime?
False
Is 144851 composite?
True
Is 66064487 prime?
False
Is 5638821 prime?
False
Is 57089147 prime?
False
Is 6952103 prime?
True
Is 2095439 composite?
False
Is 3424703 a composite number?
False
Is 209689 composite?
True
Is 486291769 prime?
True
Is 159942317 a composite number?
False
Is 656874245 composite?
True
Is 514432141 prime?
False
Is 159394607 composite?
False
Is 17676101 prime?
True
Is 1104919 a composite number?
False
Is 7889701 a composite number?
False
Is 9123979 a composite number?
False
Is 3300593 a prime number?
True
Is 960931 a prime number?
True
Is 5017823 prime?
False
Is 35372707 a composite number?
False
Is 5807719 a prime number?
True
Is 7137259 a prime number?
True
Is 31700561 a prime number?
True
Is 1849894961 a prime number?
False
Is 578222749 prime?
False
Is 23034181 a composite number?
False
Is 12476111 prime?
True
Is 42356983 composite?
False
Is 19606469 a composite number?
False
Is 3628243 composite?
False
Is 1622561 composite?
True
Is 463028777 a prime number?
True
Is 44627287 a composite number?
True
Is 10224367 a composite number?
False
Is 4229357 a composite number?
True
Is 44916061 a prime number?
True
Is 242499007 composite?
True
Is 122817521 a prime number?
True
Is 22316617 composite?
False
Is 4401791 a prime number?
True
Is 5768443 composite?
False
Is 383842271 prime?
False
Is 85931831 a composite number?
True
Is 5690911 composite?
False
Is 11925709 a prime number?
True
Is 81180227 prime?
False
Is 229594721 composite?
False
Is 74060167 a composite number?
False
Is 369904289 composite?
False
Is 7505293 composite?
True
Is 23029431 a prime number?
False
Is 797609 composite?
True
Is 7568879 a prime number?
True
Is 7911031 a composite number?
True
Is 38139391 prime?
True
Is 168302891 a prime number?
False
Is 79794157 a prime number?
True
Is 116885753 a prime number?
True
Is 109057957 a prime number?
False
Is 9885935 a prime number?
False
Is 657089 prime?
True
Is 4294853 a prime number?
False
Is 4959131 a composite number?
True
Is 30616567 a composite number?
False
Is 3066689 a prime number?
True
Is 11632433 composite?
True
Is 17551 prime?
True
Is 360336139 a prime number?
True
Is 4243699 a prime number?
True
Is 2472121 a prime number?
True
Is 12757331 a prime number?
True
Is 7086659 composite?
False
Is 97159399 composite?
False
Is 34472833 a composite number?
True
Is 261257559 composite?
True
Is 12585343 a prime number?
False
Is 563789 a composite number?
True
Is 29876029 composite?
True
Is 5745889 composite?
True
Is 494293 composite?
True
Is 17335247 prime?
True
Is 62648093 prime?
False
Is 1334969 prime?
True
Is 1862719 composite?
True
Is 355080266 prime?
False
Is 1665287 a prime number?
False
Is 2700497 prime?
True
Is 10896927 prime?
False
Is 2373895 a prime number?
False
Is 63175789 prime?
False
Is 174291197 composite?
False
Is 9597131 a composite number?
False
Is 33703841 a composite number?
True
Is 1288055 composite?
True
Is 109552337 prime?
False
Is 1973253263 composite?
False
Is 383960501 composite?
False
Is 67987058 composite?
True
Is 1630459 prime?
True
Is 22252871 a composite number?
False
Is 3290393 a prime number?
False
Is 1888183 composite?
True
Is 142257641 composite?
True
Is 1182899 prime?
False
Is 12612679 composite?
False
Is 19394807 prime?
False
Is 456651823 a prime number?
True
Is 763310159 composite?
True
Is 15087809 prime?
False
Is 2482913 a prime number?
True
Is 42344249 a composite number?
True
Is 193401847 prime?
True
Is 11418079 composite?
False
Is 179130779 a composite number?
False
Is 153222943 composite?
False
Is 150024761 composite?
False
Is 10376167 a composite number?
False
Is 2011193 a prime number?
True
Is 20290819 prime?
True
Is 2400661 a composite number?
False
Is 10449029 prime?
True
Is 267512209 a prime number?
True
Is 6626639 a composite number?
False
Is 107584157 composite?
False
Is 21489529 prime?
True
Is 92275759 a prime number?
True
Is 330879829 composite?
True
Is 248261927 composite?
False
Is 43533167 composite?
True
Is 19826153 prime?
False
Is 267871607 prime?
True
Is 17833877 prime?
True
Is 2146979 a prime number?
True
Is 24444767 a composite number?
True
Is 6974137 composite?
False
Is 6225311 prime?
False
Is 726893 composite?
False
Is 1604527 a prime number?
False
Is 19397191 a prime number?
False
Is 3190546 prime?
False
Is 70078969 a composite number?
False
Is 1121723 prime?
True
Is 34600283 a prime number?
False
Is 4133513 composite?
False
Is 1125557 composite?
False
Is 5568133 a prime number?
True
Is 550603579 a composite number?
True
Is 37671814 composite?
True
Is 98524313 prime?
False
Is 706511 a composite number?
True
Is 132087341 a prime number?
True
Is 296347339 a prime number?
False
Is 7322311 a prime number?
False
Is 17426011 a composite number?
False
Is 45086177 composite?
False
Is 33191321 composite?
False
Is 171615019 composite?
True
Is 15822503 prime?
False
Is 61699259 composite?
False
Is 13667019 prime?
False
Is 6567481 prime?
False
Is 8160913 composite?
False
Is 2727401 a composite number?
False
Is 6363853 a prime number?
False
Is 8486581 a composite number?
False
Is 46316287 a composite number?
True
Is 214903157 prime?
False
Is 1917263 a prime number?
False
Is 391543 a prime number?
False
Is 13675721 a prime number?
True
Is 212231203 composite?
True
Is 69086203 a prime number?
False
Is 4403033 composite?
False
Is 1497422 a prime number?
False
Is 26609027 a composite number?
False
Is 338265197 a composite number?
False
Is 46867571 a prime number?
True
Is 99029323 a composite number?
False
Is 63046699 a prime number?
True
Is 186279281 a composite number?
False
Is 2613879595 prime?
False
Is 49804459 prime?
True
Is 71927881 prime?
True
Is 187794251 prime?
True
Is 634677 prime?
False
Is 409109 a composite number?
True
Is 887903 a composite number?
False
Is 17245481 a composite number?
True
Is 2352403 a composite number?
False
Is 2946935 composite?
True
Is 4466719 composite?
False
Is 46183967 a prime number?
False
Is 193230871 prime?
True
Is 14679601 a composite number?
False
Is 187152181 a prime number?
True
Is 1343057 prime?
True
Is 30932131 a prime number?
True
Is 227011583 composite?
False
Is 45863369 prime?
True
Is 16455169 prime?
True
Is 72600137 a composite number?
True
Is 589991 composite?
True
Is 6007867 a composite number?
False
Is 24709273 composite?
False
Is 61763 composite?
True
Is 6944797 a composite number?
True
Is 53890807 a composite number?
False
Is 1435799 composite?
True
Is 26407223 composite?
False
Is 5897549 a prime number?
False
Is 6577673 a prime number?
False
Is 840143 a prime number?
False
Is 124343614 composite?
True
Is 94865747 composite?
False
Is 1162026353 composite?
False
Is 2519383 prime?
False
Is 1056235 a composite number?
True
Is 92395619 a prime number?
False
Is 16846111 a composite number?
False
Is 19890787 a prime number?
False
Is 2595389 a prime number?
False
Is 9573583 composite?
False
Is 3959801 prime?
True
Is 12857587 a prime number?
False
Is 21121109 composite?
True
Is 7260181 a prime number?
True
Is 108298271 prime?
False
Is 3068699 prime?
True
Is 11185679 composite?
False
Is 2111467 a prime number?
False
Is 5892683 a prime number?
True
Is 29405921 a prime number?
True
Is 2886991 a composite number?
True
Is 80345647 composite?
True
Is 81421463 a composite number?
False
Is 87443177 composite?
False
Is 99480797 composite?
True
Is 248341019 a composite number?
True
Is 157132795 composite?
True
Is 919151245 composite?
True
Is 64738406 a composite number?
True
Is 55034297 prime?
True
Is 332811371 prime?
False
Is 128886833 composite?
True
Is 437093107 composite?
True
Is 8398639 prime?
False
